 2*i - 7 = 2*b - m, -x*b = 0. List the prime factors of i.
2
Suppose -4*d - 3 - 1 = -4*j, 0 = 4*j + 5*d + 5. Let v = j - -3. Suppose -m - m = -v*f + 11, -6 = -3*m. List the prime factors of f.
5
Suppose -5*h + 2*a + 351 = -2*h, 221 = 2*h + 3*a. What are the prime factors of h?
5, 23
Suppose -4*s = -4*l - 36 + 4, -s - 3 = 0. Suppose 23*v - 25*v = -48. Let y = l + v. List the prime factors of y.
13
Suppose 2*w = 3*h + 3, 21 = -4*h + 2*h - 5*w. Let a be (h/6)/((-1)/(-12)). Let l = a - -13. What are the prime factors of l?
7
Let y(d) = -3*d**3 - 3*d**2 - 3*d - 1. List the prime factors of y(-3).
2, 31
Let d = 15 + -21. Let h(n) = 7*n**2 + 14*n + 2. Let p(x) = -10*x**2 - 21*x - 3. Let v(b) = 7*h(b) + 5*p(b). List the prime factors of v(d).
5
Let u(n) = n**3 - 4. Let g be u(2). Suppose 3*k - 122 = -g*s, 2*s = -3*k - 0*s + 130. What are the prime factors of k?
2, 23
Let k(h) = h - 7. Let r be k(5). Let i be ((-5)/r)/((-4)/(-8)). Suppose i*p = 3*g - 27, -5*g + 3*p + 45 = -2*p. What are the prime factors of g?
3
Let x(f) = 3*f**2 + 3*f + 8. List the prime factors of x(-6).
2, 7
Suppose 0 - 11 = -3*z - f, 2*z - 29 = -5*f. Let t be (-2)/(-6) - 42/(-9). Let c = t - z. What are the prime factors of c?
3
Let w(g) = 4*g - 3. Let o be w(2). Suppose -o*j + 103 = -47. Suppose 0 = -2*p - 4 + j. List the prime factors of p.
13
Let o(h) = -h**3 + 2*h**2 + 2*h + 1. Let z be o(-1). Suppose -z*t = 2*t. Suppose t*i = -3*i + 33. List the prime factors of i.
11
Let d(j) = 2*j**3 + 3*j**2 + 4*j - 7. What are the prime factors of d(3)?
2, 43
Let o(y) = -5*y**3. Let v be o(-1). Let r be 24/(-15)*v*1. Let f = r - -22. List the prime factors of f.
2, 7
List the prime factors of -4 + 6 - (-48 + 1).
7
Let j(g) = -g**3 + g**2 + 4*g + 1. Let b(r) = -r**3 - 3*r**2 + 3*r - 1. Let x be b(-4). Let t be j(x). Let d = -1 - t. List the prime factors of d.
2
Let s(l) = -l**3 - 4*l**2 + 6*l + 7. Let a(i) = i**3 - 3*i**2 - i - 2. Let x be a(3). Let d be s(x). Suppose 0 = -d*b + 25 - 1. What are the prime factors of b?
2, 3
Suppose 0 = -3*l - 4*d + 41, -5 = -0*d - d. Suppose l = 2*i - 3. Suppose 4*c + i*z - 22 = -3, z - 11 = -2*c. What are the prime factors of c?
2, 3
Suppose 3*v + 56 = 3*f - 2*f, -3*f - 4*v + 116 = 0. List the prime factors of f.
2, 11
Let m(n) be the second derivative of -n**5/20 + n**4/4 + 2*n**3/3 + 3*n. Let u be m(3). Suppose -u + 47 = 5*x. List the prime factors of x.
7
Let k = 7 - 12. Let l(c) = -c**2 - 6*c + 6. List the prime factors of l(k).
11
Suppose 2*a + 3*d - 27 = -0*d, 0 = -a + 3*d - 9. Let b be (-1)/3 - 4/a. List the prime factors of 1/((-3)/6*b).
2
Let m(w) = -31*w + 1. List the prime factors of m(-1).
2
Let s(n) = 0 - 4 - n + 0. List the prime factors of s(-7).
3
Suppose -5*q = -2*q - 9. Suppose -2 = 3*b - 2*r - 2*r, -q*r = b - 21. What are the prime factors of b?
2, 3
Suppose 0 = -5*g - 130 - 255. Let y = g - -51. List the prime factors of -2*(y/4)/1.
13
Let g = 230 - 141. Let k be 5/15 + g/3. Suppose 0 = 4*y - y + 3*w - k, 59 = 5*y - 4*w. What are the prime factors of y?
11
Let n(o) = 9*o**2 - 2*o - 1. Let k be n(-1). Suppose -w + k = 2. List the prime factors of w.
2
Let d(x) = -x - 3. Let z be d(-3). Let f = 14 - z. List the prime factors of f.
2, 7
Suppose 0 = -q - 2*q - 351. List the prime factors of (q/(-36))/(1/4).
13
Suppose 19 = 2*q - 33. What are the prime factors of q?
2, 13
Let t(l) = 2*l**2 - 5*l + 1. Let j be t(4). Let d = -32 - -23. Let n = d + j. List the prime factors of n.
2
Suppose 12 - 2 = 5*p. List the prime factors of p.
2
Let o be ((-90)/4)/((-6)/12). Suppose 0 = -t + o - 10. List the prime factors of t.
5, 7
Suppose 3*h - 2*w - 978 = -0*w, -4*h = w - 1304. List the prime factors of h.
2, 163
Let f = -1 + 3. Suppose k - 9 = h - 45, -f*h - k = -69. What are the prime factors of h?
5, 7
Suppose -37 - 35 = -4*q. Let t be 3/(q/(-4))*-3. List the prime factors of ((-52)/(-8))/(1/t).
13
Let u(i) be the first derivative of -i**3/3 - 5*i**2/2 - 4*i + 2. Let x be u(-3). List the prime factors of 3 + 4 - (x - 1).
2, 3
Let k = 7 + -7. Suppose -q + 5*q - 36 = k. What are the prime factors of q?
3
Suppose -3*k + 240 = -282. What are the prime factors of k?
2, 3, 29
Suppose 5*y + 4*j - 1 = -2, -4*y = -2*j - 20. Let w(u) = -u**3 + 4*u**2 - 2*u + 3. What are the prime factors of w(y)?
2, 3
Suppose 0 = 2*n + 4*a + 2, 9 = 3*n - a + 3*a. List the prime factors of n.
5
What are the prime factors of (-15*(-12)/9)/1?
2, 5
List the prime factors of (536/(-12))/((-6)/9).
67
Let n be 595/10*(-48)/(-14). Suppose 0 = -v - 3*v + n. List the prime factors of v.
3, 17
Let m(r) = 3*r**2 + r + 4. Suppose -18 - 2 = -4*h. Let d be m(h). Suppose d = 4*z - 0*z. What are the prime factors of z?
3, 7
Suppose 3*y + 4*x - 6 = 0, 4*y + 4*x - 1 - 7 = 0. List the prime factors of 25 - (2 - (-3 + y)).
2, 11
Let u(k) = 34*k**2 - 1. Suppose -3*f + 7*f = -4. List the prime factors of u(f).
3, 11
Suppose 4*i - 432 = -4*k, -53 = -k - 4*i + 58. List the prime factors of k.
107
Let o(a) = 4*a**2 + a - 11. What are the prime factors of o(-3)?
2, 11
Let d = 40 - -12. Suppose 0 = 2*t - d + 20. What are the prime factors of t?
2
Let g(u) = u + 4. Let q be g(5). Suppose -1 = 4*x - q. What are the prime factors of x/(1/(3 - -3))?
2, 3
Let h be -3 + 3 - (1 - 2). List the prime factors of (-22*h)/(0 - 2).
11
What are the prime factors of ((2 - -9) + -1)*(-50)/(-4)?
5
Let k(c) = 6*c + 8*c + 11 - 3*c - 10*c**2 - c**3. List the prime factors of k(-11).
11
Suppose 2*t - t + 5*p = 53, -5*p = -5*t + 385. List the prime factors of t.
73
Let w = -59 + 181. What are the prime factors of w?
2, 61
Suppose 2*d + 2 = 8. Let q = d + 2. Suppose -2*z + 13 = 5*k - 8, -q*z + k = -12. What are the prime factors of z?
3
Let s(f) = f + 9. Let m be s(-8). Let c = m - -2. What are the prime factors of c?
3
Suppose 4*q = 4*z - 24, 2*q - 4*q = -3*z + 16. Let h(c) = c. Let s be h(3). What are the prime factors of ((-12)/9)/q*s?
2
Let b(v) be the third derivative of v**5/10 + v**4/8 + v**3/6 + 3*v**2. Let t be (3/(-2))/(18/24). List the prime factors of b(t).
19
Let x(w) = -w**3 - 7*w**2 - 12*w + 8. List the prime factors of x(-7).
2, 23
Let f = 1 - -5. Let q = f + -3. What are the prime factors of q?
3
Let u(y) = -y**2 + 43*y - 65. What are the prime factors of u(28)?
5, 71
Let w(g) be the first derivative of g**4/4 + 2*g**3 + 2*g**2 + 7*g + 1. Let u be w(-5). Let x = -5 + u. What are the prime factors of x?
7
Let t = -9 + 105. List the prime factors of t.
2, 3
Let n = -4 + 4. Suppose 3*b - 3*h - 21 = n, b - 2*h = -3*h + 1. Suppose -b*l + 5*p + 35 + 4 = 0, 0 = -5*p + 5. List the prime factors of l.
11
Suppose -106 = -4*j - 2*y, 2*j + 0*y - 50 = 2*y. Suppose -4*f + u = -45 - j, 65 = 4*f + u. What are the prime factors of f?
17
Let s = 59 + 18. List the prime factors of s.
7, 11
Let l(k) = k**3 - 11*k**2 + 10*k + 12. Suppose -3*u - 5 + 14 = -3*j, 4*u = j - 6. Let f(w) = -3*w - 8. Let i be f(j). List the prime factors of l(i).
2, 3
Let a = 25 - 41. Let c = a - -23. List the prime factors of c.
7
Let i = 2 + -1. Let l(b) = 3*b - 1. List the prime factors of l(i).
2
Suppose 5*t = 4*h - 21, 3*h = -0*t - 4*t - 23. Let k = h - -4. List the prime factors of k.
3
Let o(q) = -27*q**3 - 3*q**2 - q + 1. List the prime factors of o(-1).
2, 13
List the prime factors of (-30)/4*34/(-51).
5
Suppose 2*u = -3*u. Suppose -3*r = 3*a - 18, u*r + 34 = 5*r + a. List the prime factors of r.
7
Suppose 0*v - 3*v = 4*p - 342, -6 = 2*p. What are the prime factors of v?
2, 59
Let y = 1022 - 601. What are the prime factors of y?
421
Let g(c) = -2*c**3 + 3*c**2 + 4*c. What are the prime factors of g(-3)?
3, 23
Let g be 3 - (0 - (-2)/(-1)). Suppose g*v - v = 56. List the prime factors of v.
2, 7
Suppose 0 = 4*z - 35 - 1. List the prime factors of z.
3
Let t be ((-12)/(-10))/(4/(-10)). Let h be 273/7*2/t. Let b = h + 40. List the prime factors of b.
2, 7
Let q(z) = -z**3 + 9*z**2 - 7*z + 9. Let t be q(7). Suppose 5*y + t = 163. Suppose 2*i + i - y = 0. What are the prime factors of i?
7
Suppose -7*k + 4411 = 4*k. What are the prime factors of k?
401
Let f(k) = k**3 + k**2 - 4*k - 3. Suppose 0*h + 1 = h. Let p(g) = -g**2 + g - 1. Let w(c) = h*f(c) - 3*p(c). List the prime factors of w(-5).
2, 5
Let v(u) = u. Let b(q) = -q**2 + 7*q + q**2 + q**2